- -b?
11
In base 16, what is -4 - 34?
-38
In base 14, what is 4c1 - 1?
4c0
In base 4, what is -30 - 121?
-211
In base 16, what is 6 - -2?
8
In base 3, what is 210120220 + 12?
210121002
In base 7, what is 2134 - -3?
2140
In base 11, what is 4 + -1648?
-1644
In base 7, what is 344 + -2?
342
In base 7, what is 5101 + 5?
5106
In base 8, what is 665 + -4?
661
In base 16, what is 3 + 1dc?
1df
In base 4, what is -2 + -211?
-213
In base 13, what is -1573 - 3?
-1576
In base 15, what is -d1c - -3?
-d19
In base 10, what is -3716 - -1?
-3715
In base 9, what is -2762 - -3?
-2758
In base 6, what is -100 + -1?
-101
In base 16, what is -7d + -6?
-83
In base 8, what is -17 - -17?
0
In base 7, what is -354 + 4?
-350
In base 8, what is -560 + -2?
-562
In base 10, what is 17 + 81?
98
In base 12, what is -3 - 2119?
-2120
In base 5, what is 104021 + -3?
104013
In base 12, what is -5 + 75?
70
In base 8, what is 21 - -124?
145
In base 2, what is -10111 - -1101?
-1010
In base 11, what is 0 + -a5?
-a5
In base 14, what is -28 - -b1?
87
In base 3, what is -1 - -110211021?
110211020
In base 14, what is b + -11?
-4
In base 12, what is -4 - 819?
-821
In base 4, what is -11 + 1100?
1023
In base 7, what is 6 + 225?
234
In base 13, what is 38 - -3?
3b
In base 14, what is -3 + -290?
-293
In base 8, what is 0 - -347?
347
In base 12, what is 9 - 25?
-18
In base 3, what is -2112101 + -2?
-2112110
In base 10, what is 4 + -1?
3
In base 11, what is a3 - -17a?
272
In base 13, what is -35bb - 4?
-35c2
In base 15, what is -4 - -87?
83
In base 10, what is 11 + 46?
57
In base 7, what is -5 + 22600?
22562
In base 16, what is 2 + -3f9?
-3f7
In base 10, what is -124 + 4?
-120
In base 2, what is -100 + 100101001101?
100101001001
In base 11, what is 0 + -457?
-457
In base 10, what is 161 - -5?
166
In base 6, what is -3035 + -1?
-3040
In base 5, what is 0 + 4410?
4410
In base 10, what is -1112 + -5?
-1117
In base 3, what is -210 + -1002?
-1212
In base 6, what is -305 + 3?
-302
In base 16, what is -102 - 15?
-117
In base 10, what is 2784 + 1?
2785
In base 6, what is -2 + -2025?
-2031
In base 3, what is 2100122 - 22?
2100100
In base 6, what is 110141 + 5?
110150
In base 10, what is 650 + -2?
648
In base 11, what is 4 - -536?
53a
In base 2, what is -11 + 110110001?
110101110
In base 3, what is 0 - -122111?
122111
In base 5, what is -1234 - -2?
-1232
In base 6, what is 35 + 3325?
3404
In base 16, what is 1138 - -1?
1139
In base 2, what is 1001 + 101101001?
101110010
In base 10, what is 5 + -126?
-121
In base 15, what is 7 - 84?
-7c
In base 7, what is 4 + -336?
-332
In base 14, what is 3c - -66?
a4
In base 6, what is -5 + 12020?
12011
In base 16, what is -a + c?
2
In base 9, what is 3 + 105?
108
In base 13, what is -1a1 + 5?
-199
In base 13, what is -5 + 203?
1cb
In base 11, what is -1 - -2a?
29
In base 11, what is 366 + -1?
365
In base 2, what is -101 - -1110100?
1101111
In base 3, what is 12 - -11200?
11212
In base 10, what is 4 - -701?
705
In base 16, what is -11 + 1e?
d
In base 14, what is -12 - -19?
7
In base 4, what is 112 - 2010?
-1232
In base 7, what is 5 - -113?
121
In base 4, what is -11 - -10311?
10300
In base 12, what is -16 + 150?
136
In base 5, what is 1144 + 30?
1224
In base 10, what is 4 + 96?
100
In base 7, what is -104 - 563?
-1000
In base 12, what is -1584 + 3?
-1581
In base 11, what is -1397 + -2?
-1399
In base 14, what is -48 + -2b?
-75
In base 9, what is -14365 - 1?
-14366
In base 4, what is -1 - -301103?
301102
In base 8, what is 363 - 4?
357
In base 7, what is 16 + 6?
25
In base 13, what is 57 + 0?
57
In base 12, what is 3 + 1b?
22
In base 6, what is -1350 + 1?
-1345
In base 7, what is 550 + -3?
544
In base 7, what is -60 + 66?
6
In base 14, what is -63 + -5?
-68
In base 6, what is 1 + 14445?
14450
In base 3, what is 11 + -10?
1
In base 13, what is -5 + -56?
-5b
In base 9, what is 660 - 2?
657
In base 6, what is -4034 + 10?
-4024
In base 8, what is -201 + 1?
-200
In base 14, what is -13 - -35?
22
In base 6, what is 14 + 0?
14
In base 10, what is 30 - 2?
28
In base 8, what is 0 - -25?
25
In base 4, what is 10 - 302223?
-302213
In base 16, what is -86 - 3?
-89
In base 16, what is 18 + -1?
17
In base 9, what is 4 - -27?
32
In base 8, what is -4 + -1057?
-1063
In base 13, what is -77 - -23?
-54
In base 16, what is 1 - -26?
27
In base 14, what is 885 + 3?
888
In base 14, what is 2 + 68?
6a
In base 4, what is 10 - 10331?
-10321
In base 11, what is 28 - -4?
31
In base 10, what is 1 + 1?
2
In base 8, what is -3 + 523?
520
In base 13, what is 79 + 4?
80
In base 5, what is 0 + 422?
422
In base 8, what is -5 + -423?
-430
In base 6, what is -1 - -11?
10
In base 9, what is -1364 - 1?
-1365
In base 11, what is -25 + 4?
-21
In base 13, what is 46 + 6?
4c
In base 7, what is -13 + -13?
-26
In base 12, what is 5 + -305?
-300
In base 12, what is 2 - -18?
1a
In base 10, what is 10 - -126?
136
In base 15, what is 13 + -3?
10
In base 10, what is 38548 + 4?
38552
In base 3, what is -112111 - 10?
-112121
In base 9, what is 4 + 100?
104
In base 12, what is 12b0 + -5?
12a7
In base 9, what is -5 + -1544?
-1550
In base 4, what is 11 - -12030?
12101
In base 9, what is 28 - 182?
-153
In base 2, what is -101 - 1001100101?
-1001101010
In base 8, what is -4402 - -4?
-4376
In base 4, what is 130 + 13?
203
In base 11, what is 3 - -399?
3a1
In base 6, what is 35502 + -2?
35500
In base 5, what is -1001 - -402?
-44
In base 7, what is 505 + -2?
503
In base 5, what is 0 + -4304?
-4304
In base 4, what is 112322 - 1?
112321
In base 15, what is 0 + 1a8a?
1a8a
In base 15, what is -50 + -2?
-52
In base 4, what is -1000 - -12?
-322
In base 7, what is -205 - -2?
-203
In base 6, what is 3 - 54?
-51
In base 13, what is 1a + -82?
-65
In base 15, what is -1b4 - 1?
-1b5
In base 8, what is 0 - 64?
-64
In base 5, what is 100 + 210?
310
In base 3, what is 1112 + -10122?
-2010
In base 7, what is -6 + -102?
-111
In base 14, what is -14 - 0?
-14
In base 5, what is -1 - 3?
-4
In base 16, what is -9d + -5?
-a2
In base 12, what is 1 + -361?
-360
In base 15, what is -3 - -59c?
599
In base 11, what is 18 + 3?
20
In base 7, what is 3 - 3?
0
In base 11, what is 17 + -22?
-6
In base 4, what is 1113 - 2?
1111
In base 4, what is 2 - 23000?
-22332
In base 10, what is -4 + -1502?
-1506
In base 7, what is -2 + 265?
263
In base 9, what is -4 - 41?
-45
In base 7, what is 655 - 2?
653
In base 16, what is ad - 0?
ad
In base 12, what is -a - 228?
-236
In base 9, what is -32184 + 3?
-32181
In base 9, what is 482 + -13?
468
In base 8, what is 121 + 153?
274
In base 7, what is -2 + 1146?
1144
In base 9, what is 3285 + -2?
3283
In base 10, what is 471 + 5?
476
In base 11, what is 3 + 17a?
182
In base 13, what is -a + -54?
-61
In base 12, what is 999 - -3?
9a0
In base 6, what is 155 - -1020?
1215
In base 8, what is 1 + 3272?
3273
In base 11, what is -a20 + -1?
-a21
In base 10, what is 3 - 34?
-31
In base 7, what is -4 + -20?
-24
In base 16, what is 305e + -1?
305d
In base 3, what is -210 - 0?
-210
In base 9, what is 4050 - 4?
4045
In base 14, what is 332 - 3?
32d
In base 9, what is 4 + 4733?
4737
In base 2, what is -110110001001000 - 100?
-110110001001100
In base 11, what is -2 + 54?
52
In base 9, what is -344 + 4?
-340
In base 12, what is 16 - 3?
13
In base 13, what is 0 + -44?
-44
In base 11, what is -2500 - 0?
-2500
In base 10, what is -586 + -2?
-588
In base 4, what is -121 + 11200?
11013
In base 9, what is 1 - 18?
-17
In base 6, what is -12003 + 2?
-12001
In base 14, what is 0 + -57b?
-57b
In base 16, what is 6 - 8ea?
-8e4
In base 5, what is 10 - -223?
233
In base 6, what is 3415 + -1?
3414
In base 4, what is 10 - 1203?
-1133
In base 6, what is -12 - -235?
223
In base 11, what is 24 + 34?
58
In base 2, what is 1000000 + 1110?
1001110
In base 14, what is 652 + -2?
650
In base 4, what is -20122 + 12?
-20110
In base 5, what is -123 - 2?
-130
In base 15, what is -3 + -66?
-69
In base 2, what is -100011 - -11?
-100000
In base 15, what is 200 - 3e?
1b1
In base 16, what is -3 - 79a?
-79d
In base 2, what is 111010 - -10?
111100
In base 10, what is 1153 - -12?
1165
In base 10, what is -63 - 3?
-66
In base 7, what is 0 + -5?
-5
In base 8, what is 21 - 12?
7
In base 16, what is 64 + 3?
67
In base 3, what is -1012122 + 102?
-1012020
In base 2, what is 10000